{"id":838,"date":"2017-07-03T10:01:49","date_gmt":"2017-07-03T14:01:49","guid":{"rendered":"http:\/\/www.marcsamsonartist.com\/fr\/?page_id=838"},"modified":"2017-07-03T16:35:00","modified_gmt":"2017-07-03T20:35:00","slug":"media","status":"publish","type":"page","link":"https:\/\/www.marcsamsonartist.com\/fr\/media\/","title":{"rendered":"Media"},"content":{"rendered":"<h1><strong>Magazin&rsquo;art &#8211; L&rsquo;\u00e9t\u00e9\u00a02017<\/strong><\/h1>\n<h4><a href=\"http:\/\/www.marcsamsonartist.com\/wp-content\/uploads\/2017\/07\/Voltige-tout-en-couleurs-Marc-Samson-\u00ab-Magazinart.pdf\">Voltige tout en couleurs Marc Samson \u00ab Magazin&rsquo;art<\/a>\u00a0(PDF)<\/h4>\n<p>Je suis fier de vous informer que la revue # 116 de MAGAZIN\u2019ART est sortie. La r\u00e9dactrice Lisanne Le Tellier a fait une excellente t\u00e2che dans sa description de mon art et diff\u00e9rentes techniques que j\u2019utilise. Vraiment ses mots en sont tout autant color\u00e9s. On retrouve donc un article en fran\u00e7ais et le m\u00eame traduit en anglais ; les deux comprenant trois pages chacun. J\u2019ai aussi un total de 8 toiles expos\u00e9es. Tout un honneur ! Vous pouvez vous <span class=\"text_exposed_show\">procurer la revue dans la plupart des kiosques au Canada, Etats-Unis et en Europe (surtout en France) d\u00e8s lundi, le 12 juin.<\/span><\/p>\n<p><img loading=\"lazy\" class=\"alignnone size-full wp-image-832\" src=\"http:\/\/www.marcsamsonartist.com\/wp-content\/uploads\/2017\/07\/mag-art.jpg\" alt=\"mag-art\" width=\"950\" height=\"674\" srcset=\"https:\/\/www.marcsamsonartist.com\/wp-content\/uploads\/2017\/07\/mag-art.jpg 950w, https:\/\/www.marcsamsonartist.com\/wp-content\/uploads\/2017\/07\/mag-art-300x213.jpg 300w, https:\/\/www.marcsamsonartist.com\/wp-content\/uploads\/2017\/07\/mag-art-768x545.jpg 768w\" sizes=\"(max-width: 950px) 100vw, 950px\" \/><\/p>\n<h2><a href=\"http:\/\/www.marcsamsonartist.com\/wp-content\/uploads\/2017\/07\/Voltige-tout-en-couleurs-Marc-Samson-\u00ab-Magazinart.pdf\">Voltige tout en couleurs Marc Samson \u00ab Magazin&rsquo;art<\/a>\u00a0(PDF)<\/h2>\n<p>&nbsp;<\/p>\n<h1>Mario Tessier<\/h1>\n<p>Mes amis le savent , je suis un fou de peinture , je commence m\u00eame \u00e0 manquer de murs chez moi pour accrocher mes toiles lol . Mais aujourd&rsquo;hui , j&rsquo;ai flanch\u00e9 \u00e0 nouveau , je me suis fait un cadeau , \u00e0 moi de moi , la toile se nomme \u00a8Silence on Tourne\u00a8 je partage la photo avec vous , car j&rsquo;ai eu un v\u00e9ritable coup de coeur pour cet artiste Montr\u00e9alais du nom de Marc Samson, un gars brillant avec \u00e9norm\u00e9ment de talent qui a une signature propre \u00e0 lui . Si vous voulez lui passer une commande , il fait du sur mesure et vous pouvez aussi voir quelques photos de ses toiles sur son site\u00a0<a href=\"http:\/\/www.marcsamsonartist.com\/fr\" target=\"_blank\" rel=\"nofollow noopener nofollow\">www.marcsamsonartist.com\/<wbr \/>fr<\/a><\/p>\n<p>Mario\u00a0<span class=\"_47e3 _5mfr\" title=\"smile emoticon\"><img loading=\"lazy\" class=\"img\" src=\"https:\/\/www.facebook.com\/images\/emoji.php\/v9\/feb\/2\/16\/1f642.png\" alt=\"\" width=\"16\" height=\"16\" \/><\/span><\/p>\n<p><img loading=\"lazy\" class=\"alignnone size-full wp-image-844\" src=\"http:\/\/www.marcsamsonartist.com\/wp-content\/uploads\/2017\/07\/mario-tessier-samson.jpg\" alt=\"mario-tessier-samson\" width=\"876\" height=\"672\" srcset=\"https:\/\/www.marcsamsonartist.com\/wp-content\/uploads\/2017\/07\/mario-tessier-samson.jpg 876w, https:\/\/www.marcsamsonartist.com\/wp-content\/uploads\/2017\/07\/mario-tessier-samson-300x230.jpg 300w, https:\/\/www.marcsamsonartist.com\/wp-content\/uploads\/2017\/07\/mario-tessier-samson-768x589.jpg 768w\" sizes=\"(max-width: 876px) 100vw, 876px\" \/><\/p>\n","protected":false},"excerpt":{"rendered":"<p>Magazin&rsquo;art &#8211; L&rsquo;\u00e9t\u00e9\u00a02017 Voltige tout en couleurs Marc Samson \u00ab Magazin&rsquo;art\u00a0(PDF) Je suis fier de vous informer que la revue # 116 de MAGAZIN\u2019ART est sortie. La r\u00e9dactrice Lisanne Le Tellier a fait une excellente t\u00e2che dans sa description de mon art et diff\u00e9rentes techniques que j\u2019utilise. Vraiment ses mots en sont tout autant color\u00e9s. [&hellip;]<\/p>\n","protected":false},"author":3,"featured_media":0,"parent":0,"menu_order":0,"comment_status":"closed","ping_status":"closed","template":"","meta":{"ngg_post_thumbnail":0},"yoast_head":"<!-- This site is optimized with the Yoast SEO plugin v18.5.1 - https:\/\/yoast.com\/wordpress\/plugins\/seo\/ -->\n<title>Media | SAMSON ARTISTE<\/title>\n<meta name=\"robots\" content=\"index, follow, max-snippet:-1, max-image-preview:large, max-video-preview:-1\" \/>\n<link rel=\"canonical\" href=\"https:\/\/www.marcsamsonartist.com\/fr\/media\/\" \/>\n<meta property=\"og:locale\" content=\"fr_FR\" \/>\n<meta property=\"og:type\" content=\"article\" \/>\n<meta property=\"og:title\" content=\"Media | SAMSON ARTISTE\" \/>\n<meta property=\"og:description\" content=\"Magazin&rsquo;art &#8211; L&rsquo;\u00e9t\u00e9\u00a02017 Voltige tout en couleurs Marc Samson \u00ab Magazin&rsquo;art\u00a0(PDF) Je suis fier de vous informer que la revue # 116 de MAGAZIN\u2019ART est sortie. La r\u00e9dactrice Lisanne Le Tellier a fait une excellente t\u00e2che dans sa description de mon art et diff\u00e9rentes techniques que j\u2019utilise. Vraiment ses mots en sont tout autant color\u00e9s. [&hellip;]\" \/>\n<meta property=\"og:url\" content=\"https:\/\/www.marcsamsonartist.com\/fr\/media\/\" \/>\n<meta property=\"og:site_name\" content=\"SAMSON ARTISTE\" \/>\n<meta property=\"article:modified_time\" content=\"2017-07-03T20:35:00+00:00\" \/>\n<meta property=\"og:image\" content=\"http:\/\/www.marcsamsonartist.com\/wp-content\/uploads\/2017\/07\/mag-art.jpg\" \/>\n<meta name=\"twitter:card\" content=\"summary\" \/>\n<meta name=\"twitter:label1\" content=\"Dur\u00e9e de lecture estim\u00e9e\" \/>\n\t<meta name=\"twitter:data1\" content=\"1 minute\" \/>\n<script type=\"application\/ld+json\" class=\"yoast-schema-graph\">{\"@context\":\"https:\/\/schema.org\",\"@graph\":[{\"@type\":\"WebSite\",\"@id\":\"https:\/\/www.marcsamsonartist.com\/#website\",\"url\":\"https:\/\/www.marcsamsonartist.com\/\",\"name\":\"SAMSON ARTISTE\",\"description\":\"ARTISTE QU\u00c9BECOIS DE NORTH HATLEY\",\"potentialAction\":[{\"@type\":\"SearchAction\",\"target\":{\"@type\":\"EntryPoint\",\"urlTemplate\":\"https:\/\/www.marcsamsonartist.com\/?s={search_term_string}\"},\"query-input\":\"required name=search_term_string\"}],\"inLanguage\":\"fr-FR\"},{\"@type\":\"ImageObject\",\"@id\":\"https:\/\/www.marcsamsonartist.com\/fr\/media\/#primaryimage\",\"inLanguage\":\"fr-FR\",\"url\":\"http:\/\/www.marcsamsonartist.com\/wp-content\/uploads\/2017\/07\/mag-art.jpg\",\"contentUrl\":\"http:\/\/www.marcsamsonartist.com\/wp-content\/uploads\/2017\/07\/mag-art.jpg\"},{\"@type\":\"WebPage\",\"@id\":\"https:\/\/www.marcsamsonartist.com\/fr\/media\/#webpage\",\"url\":\"https:\/\/www.marcsamsonartist.com\/fr\/media\/\",\"name\":\"Media | SAMSON ARTISTE\",\"isPartOf\":{\"@id\":\"https:\/\/www.marcsamsonartist.com\/#website\"},\"primaryImageOfPage\":{\"@id\":\"https:\/\/www.marcsamsonartist.com\/fr\/media\/#primaryimage\"},\"datePublished\":\"2017-07-03T14:01:49+00:00\",\"dateModified\":\"2017-07-03T20:35:00+00:00\",\"breadcrumb\":{\"@id\":\"https:\/\/www.marcsamsonartist.com\/fr\/media\/#breadcrumb\"},\"inLanguage\":\"fr-FR\",\"potentialAction\":[{\"@type\":\"ReadAction\",\"target\":[\"https:\/\/www.marcsamsonartist.com\/fr\/media\/\"]}]},{\"@type\":\"BreadcrumbList\",\"@id\":\"https:\/\/www.marcsamsonartist.com\/fr\/media\/#breadcrumb\",\"itemListElement\":[{\"@type\":\"ListItem\",\"position\":1,\"name\":\"Home\",\"item\":\"https:\/\/www.marcsamsonartist.com\/fr\/\"},{\"@type\":\"ListItem\",\"position\":2,\"name\":\"Media\"}]}]}<\/script>\n<!-- \/ Yoast SEO plugin. -->","yoast_head_json":{"title":"Media | SAMSON ARTISTE","robots":{"index":"index","follow":"follow","max-snippet":"max-snippet:-1","max-image-preview":"max-image-preview:large","max-video-preview":"max-video-preview:-1"},"canonical":"https:\/\/www.marcsamsonartist.com\/fr\/media\/","og_locale":"fr_FR","og_type":"article","og_title":"Media | SAMSON ARTISTE","og_description":"Magazin&rsquo;art &#8211; L&rsquo;\u00e9t\u00e9\u00a02017 Voltige tout en couleurs Marc Samson \u00ab Magazin&rsquo;art\u00a0(PDF) Je suis fier de vous informer que la revue # 116 de MAGAZIN\u2019ART est sortie. La r\u00e9dactrice Lisanne Le Tellier a fait une excellente t\u00e2che dans sa description de mon art et diff\u00e9rentes techniques que j\u2019utilise. Vraiment ses mots en sont tout autant color\u00e9s. [&hellip;]","og_url":"https:\/\/www.marcsamsonartist.com\/fr\/media\/","og_site_name":"SAMSON ARTISTE","article_modified_time":"2017-07-03T20:35:00+00:00","og_image":[{"url":"http:\/\/www.marcsamsonartist.com\/wp-content\/uploads\/2017\/07\/mag-art.jpg"}],"twitter_card":"summary","twitter_misc":{"Dur\u00e9e de lecture estim\u00e9e":"1 minute"},"schema":{"@context":"https:\/\/schema.org","@graph":[{"@type":"WebSite","@id":"https:\/\/www.marcsamsonartist.com\/#website","url":"https:\/\/www.marcsamsonartist.com\/","name":"SAMSON ARTISTE","description":"ARTISTE QU\u00c9BECOIS DE NORTH HATLEY","potentialAction":[{"@type":"SearchAction","target":{"@type":"EntryPoint","urlTemplate":"https:\/\/www.marcsamsonartist.com\/?s={search_term_string}"},"query-input":"required name=search_term_string"}],"inLanguage":"fr-FR"},{"@type":"ImageObject","@id":"https:\/\/www.marcsamsonartist.com\/fr\/media\/#primaryimage","inLanguage":"fr-FR","url":"http:\/\/www.marcsamsonartist.com\/wp-content\/uploads\/2017\/07\/mag-art.jpg","contentUrl":"http:\/\/www.marcsamsonartist.com\/wp-content\/uploads\/2017\/07\/mag-art.jpg"},{"@type":"WebPage","@id":"https:\/\/www.marcsamsonartist.com\/fr\/media\/#webpage","url":"https:\/\/www.marcsamsonartist.com\/fr\/media\/","name":"Media | SAMSON ARTISTE","isPartOf":{"@id":"https:\/\/www.marcsamsonartist.com\/#website"},"primaryImageOfPage":{"@id":"https:\/\/www.marcsamsonartist.com\/fr\/media\/#primaryimage"},"datePublished":"2017-07-03T14:01:49+00:00","dateModified":"2017-07-03T20:35:00+00:00","breadcrumb":{"@id":"https:\/\/www.marcsamsonartist.com\/fr\/media\/#breadcrumb"},"inLanguage":"fr-FR","potentialAction":[{"@type":"ReadAction","target":["https:\/\/www.marcsamsonartist.com\/fr\/media\/"]}]},{"@type":"BreadcrumbList","@id":"https:\/\/www.marcsamsonartist.com\/fr\/media\/#breadcrumb","itemListElement":[{"@type":"ListItem","position":1,"name":"Home","item":"https:\/\/www.marcsamsonartist.com\/fr\/"},{"@type":"ListItem","position":2,"name":"Media"}]}]}},"_links":{"self":[{"href":"https:\/\/www.marcsamsonartist.com\/fr\/wp-json\/wp\/v2\/pages\/838"}],"collection":[{"href":"https:\/\/www.marcsamsonartist.com\/fr\/wp-json\/wp\/v2\/pages"}],"about":[{"href":"https:\/\/www.marcsamsonartist.com\/fr\/wp-json\/wp\/v2\/types\/page"}],"author":[{"embeddable":true,"href":"https:\/\/www.marcsamsonartist.com\/fr\/wp-json\/wp\/v2\/users\/3"}],"replies":[{"embeddable":true,"href":"https:\/\/www.marcsamsonartist.com\/fr\/wp-json\/wp\/v2\/comments?post=838"}],"version-history":[{"count":4,"href":"https:\/\/www.marcsamsonartist.com\/fr\/wp-json\/wp\/v2\/pages\/838\/revisions"}],"predecessor-version":[{"id":847,"href":"https:\/\/www.marcsamsonartist.com\/fr\/wp-json\/wp\/v2\/pages\/838\/revisions\/847"}],"wp:attachment":[{"href":"https:\/\/www.marcsamsonartist.com\/fr\/wp-json\/wp\/v2\/media?parent=838"}],"curies":[{"name":"wp","href":"https:\/\/api.w.org\/{rel}","templated":true}]}}

<h1><strong>Magazin&rsquo;art &#8211; L&rsquo;été 2017</strong></h1>
<h4><a href="http://www.marcsamsonartist.com/wp-content/uploads/2017/07/Voltige-tout-en-couleurs-Marc-Samson-«-Magazinart.pdf">Voltige tout en couleurs Marc Samson « Magazin&rsquo;art</a> (PDF)</h4>
<p>Je suis fier de vous informer que la revue # 116 de MAGAZIN’ART est sortie. La rédactrice Lisanne Le Tellier a fait une excellente tâche dans sa description de mon art et différentes techniques que j’utilise. Vraiment ses mots en sont tout autant colorés. On retrouve donc un article en français et le même traduit en anglais ; les deux comprenant trois pages chacun. J’ai aussi un total de 8 toiles exposées. Tout un honneur ! Vous pouvez vous <span class="text_exposed_show">procurer la revue dans la plupart des kiosques au Canada, Etats-Unis et en Europe (surtout en France) dès lundi, le 12 juin.</span></p>
<p><img loading="lazy" class="alignnone size-full wp-image-832" src="http://www.marcsamsonartist.com/wp-content/uploads/2017/07/mag-art.jpg" alt="mag-art" width="950" height="674" srcset="https://www.marcsamsonartist.com/wp-content/uploads/2017/07/mag-art.jpg 950w, https://www.marcsamsonartist.com/wp-content/uploads/2017/07/mag-art-300x213.jpg 300w, https://www.marcsamsonartist.com/wp-content/uploads/2017/07/mag-art-768x545.jpg 768w" sizes="(max-width: 950px) 100vw, 950px" /></p>
<h2><a href="http://www.marcsamsonartist.com/wp-content/uploads/2017/07/Voltige-tout-en-couleurs-Marc-Samson-«-Magazinart.pdf">Voltige tout en couleurs Marc Samson « Magazin&rsquo;art</a> (PDF)</h2>
<p>&nbsp;</p>
<h1>Mario Tessier</h1>
<p>Mes amis le savent , je suis un fou de peinture , je commence même à manquer de murs chez moi pour accrocher mes toiles lol . Mais aujourd&rsquo;hui , j&rsquo;ai flanché à nouveau , je me suis fait un cadeau , à moi de moi , la toile se nomme ¨Silence on Tourne¨ je partage la photo avec vous , car j&rsquo;ai eu un véritable coup de coeur pour cet artiste Montréalais du nom de Marc Samson, un gars brillant avec énormément de talent qui a une signature propre à lui . Si vous voulez lui passer une commande , il fait du sur mesure et vous pouvez aussi voir quelques photos de ses toiles sur son site <a href="http://www.marcsamsonartist.com/fr" target="_blank" rel="nofollow noopener nofollow">www.marcsamsonartist.com/<wbr />fr</a></p>
<p>Mario <span class="_47e3 _5mfr" title="smile emoticon"><img loading="lazy" class="img" src="https://www.facebook.com/images/emoji.php/v9/feb/2/16/1f642.png" alt="" width="16" height="16" /></span></p>
<p><img loading="lazy" class="alignnone size-full wp-image-844" src="http://www.marcsamsonartist.com/wp-content/uploads/2017/07/mario-tessier-samson.jpg" alt="mario-tessier-samson" width="876" height="672" srcset="https://www.marcsamsonartist.com/wp-content/uploads/2017/07/mario-tessier-samson.jpg 876w, https://www.marcsamsonartist.com/wp-content/uploads/2017/07/mario-tessier-samson-300x230.jpg 300w, https://www.marcsamsonartist.com/wp-content/uploads/2017/07/mario-tessier-samson-768x589.jpg 768w" sizes="(max-width: 876px) 100vw, 876px" /></p>

<p>Magazin&rsquo;art &#8211; L&rsquo;été 2017 Voltige tout en couleurs Marc Samson « Magazin&rsquo;art (PDF) Je suis fier de vous informer que la revue # 116 de MAGAZIN’ART est sortie. La rédactrice Lisanne Le Tellier a fait une excellente tâche dans sa description de mon art et différentes techniques que j’utilise. Vraiment ses mots en sont tout autant colorés. [&hellip;]</p>

<!-- This site is optimized with the Yoast SEO plugin v18.5.1 - https://yoast.com/wordpress/plugins/seo/ -->
<title>Media | SAMSON ARTISTE</title>
<meta name="robots" content="index, follow, max-snippet:-1, max-image-preview:large, max-video-preview:-1" />
<link rel="canonical" href="https://www.marcsamsonartist.com/fr/media/" />
<meta property="og:locale" content="fr_FR" />
<meta property="og:type" content="article" />
<meta property="og:title" content="Media | SAMSON ARTISTE" />
<meta property="og:description" content="Magazin&rsquo;art &#8211; L&rsquo;été 2017 Voltige tout en couleurs Marc Samson « Magazin&rsquo;art (PDF) Je suis fier de vous informer que la revue # 116 de MAGAZIN’ART est sortie. La rédactrice Lisanne Le Tellier a fait une excellente tâche dans sa description de mon art et différentes techniques que j’utilise. Vraiment ses mots en sont tout autant colorés. [&hellip;]" />
<meta property="og:url" content="https://www.marcsamsonartist.com/fr/media/" />
<meta property="og:site_name" content="SAMSON ARTISTE" />
<meta property="article:modified_time" content="2017-07-03T20:35:00+00:00" />
<meta property="og:image" content="http://www.marcsamsonartist.com/wp-content/uploads/2017/07/mag-art.jpg" />
<meta name="twitter:card" content="summary" />
<meta name="twitter:label1" content="Durée de lecture estimée" />
	<meta name="twitter:data1" content="1 minute" />
<script type="application/ld+json" class="yoast-schema-graph">{"@context":"https://schema.org","@graph":[{"@type":"WebSite","@id":"https://www.marcsamsonartist.com/#website","url":"https://www.marcsamsonartist.com/","name":"SAMSON ARTISTE","description":"ARTISTE QUÉBECOIS DE NORTH HATLEY","potentialAction":[{"@type":"SearchAction","target":{"@type":"EntryPoint","urlTemplate":"https://www.marcsamsonartist.com/?s={search_term_string}"},"query-input":"required name=search_term_string"}],"inLanguage":"fr-FR"},{"@type":"ImageObject","@id":"https://www.marcsamsonartist.com/fr/media/#primaryimage","inLanguage":"fr-FR","url":"http://www.marcsamsonartist.com/wp-content/uploads/2017/07/mag-art.jpg","contentUrl":"http://www.marcsamsonartist.com/wp-content/uploads/2017/07/mag-art.jpg"},{"@type":"WebPage","@id":"https://www.marcsamsonartist.com/fr/media/#webpage","url":"https://www.marcsamsonartist.com/fr/media/","name":"Media | SAMSON ARTISTE","isPartOf":{"@id":"https://www.marcsamsonartist.com/#website"},"primaryImageOfPage":{"@id":"https://www.marcsamsonartist.com/fr/media/#primaryimage"},"datePublished":"2017-07-03T14:01:49+00:00","dateModified":"2017-07-03T20:35:00+00:00","breadcrumb":{"@id":"https://www.marcsamsonartist.com/fr/media/#breadcrumb"},"inLanguage":"fr-FR","potentialAction":[{"@type":"ReadAction","target":["https://www.marcsamsonartist.com/fr/media/"]}]},{"@type":"BreadcrumbList","@id":"https://www.marcsamsonartist.com/fr/media/#breadcrumb","itemListElement":[{"@type":"ListItem","position":1,"name":"Home","item":"https://www.marcsamsonartist.com/fr/"},{"@type":"ListItem","position":2,"name":"Media"}]}]}</script>
<!-- / Yoast SEO plugin. -->

Magazin&rsquo;art &#8211; L&rsquo;été 2017 Voltige tout en couleurs Marc Samson « Magazin&rsquo;art (PDF) Je suis fier de vous informer que la revue # 116 de MAGAZIN’ART est sortie. La rédactrice Lisanne Le Tellier a fait une excellente tâche dans sa description de mon art et différentes techniques que j’utilise. Vraiment ses mots en sont tout autant colorés. [&hellip;]

ARTISTE QUÉBECOIS DE NORTH HATLEY
